of 15113?
7, 17, 127
List the prime factors of 825.
3, 5, 11
List the prime factors of 3114.
2, 3, 173
What are the prime factors of 4062?
2, 3, 677
What are the prime factors of 115068?
2, 3, 43, 223
What are the prime factors of 28475?
5, 17, 67
What are the prime factors of 104238?
2, 3, 5791
What are the prime factors of 163?
163
List the prime factors of 411.
3, 137
What are the prime factors of 3267?
3, 11
What are the prime factors of 100873?
149, 677
List the prime factors of 72915.
3, 5, 4861
What are the prime factors of 45038?
2, 7, 3217
List the prime factors of 8605.
5, 1721
What are the prime factors of 8073?
3, 13, 23
What are the prime factors of 711?
3, 79
What are the prime factors of 2541?
3, 7, 11
What are the prime factors of 107524?
2, 26881
List the prime factors of 1466.
2, 733
What are the prime factors of 2847?
3, 13, 73
List the prime factors of 4603.
4603
What are the prime factors of 356?
2, 89
List the prime factors of 20383.
11, 17, 109
List the prime factors of 6948.
2, 3, 193
What are the prime factors of 28040?
2, 5, 701
List the prime factors of 66.
2, 3, 11
What are the prime factors of 1146?
2, 3, 191
What are the prime factors of 316?
2, 79
List the prime factors of 6055.
5, 7, 173
What are the prime factors of 744?
2, 3, 31
What are the prime factors of 608?
2, 19
What are the prime factors of 85568?
2, 7, 191
List the prime factors of 6668.
2, 1667
List the prime factors of 2830.
2, 5, 283
What are the prime factors of 633?
3, 211
What are the prime factors of 627?
3, 11, 19
What are the prime factors of 3166?
2, 1583
List the prime factors of 24705.
3, 5, 61
List the prime factors of 4557.
3, 7, 31
What are the prime factors of 38807?
151, 257
What are the prime factors of 677?
677
What are the prime factors of 3623?
3623
What are the prime factors of 10815?
3, 5, 7, 103
List the prime factors of 2066.
2, 1033
List the prime factors of 544.
2, 17
List the prime factors of 2446.
2, 1223
What are the prime factors of 22880?
2, 5, 11, 13
List the prime factors of 19973.
19973
What are the prime factors of 36541?
36541
What are the prime factors of 6654?
2, 3, 1109
What are the prime factors of 2141?
2141
What are the prime factors of 1706?
2, 853
What are the prime factors of 278?
2, 139
What are the prime factors of 1172?
2, 293
What are the prime factors of 504?
2, 3, 7
What are the prime factors of 27444?
2, 3, 2287
List the prime factors of 49285.
5, 9857
What are the prime factors of 594?
2, 3, 11
List the prime factors of 3578.
2, 1789
What are the prime factors of 6928?
2, 433
What are the prime factors of 8846?
2, 4423
What are the prime factors of 1518?
2, 3, 11, 23
List the prime factors of 86383.
11, 7853
What are the prime factors of 1714?
2, 857
What are the prime factors of 845?
5, 13
What are the prime factors of 84896?
2, 7, 379
What are the prime factors of 3862?
2, 1931
List the prime factors of 887.
887
What are the prime factors of 1453?
1453
List the prime factors of 83833.
83833
What are the prime factors of 1509?
3, 503
What are the prime factors of 5350?
2, 5, 107
List the prime factors of 40862.
2, 20431
List the prime factors of 11671.
11, 1061
List the prime factors of 54515.
5, 10903
List the prime factors of 25804.
2, 6451
What are the prime factors of 3077?
17, 181
List the prime factors of 41766.
2, 3, 6961
List the prime factors of 55103.
55103
What are the prime factors of 84017?
84017
What are the prime factors of 1265?
5, 11, 23
What are the prime factors of 11322?
2, 3, 17, 37
What are the prime factors of 5947?
19, 313
What are the prime factors of 73899?
3, 7, 17, 23
What are the prime factors of 344?
2, 43
List the prime factors of 963.
3, 107
List the prime factors of 12954.
2, 3, 17, 127
List the prime factors of 8614.
2, 59, 73
What are the prime factors of 2936?
2, 367
What are the prime factors of 767?
13, 59
List the prime factors of 27189.
3, 19, 53
List the prime factors of 1419.
3, 11, 43
What are the prime factors of 9166?
2, 4583
What are the prime factors of 35442?
2, 3, 11, 179
What are the prime factors of 3754?
2, 1877
What are the prime factors of 39353?
23, 29, 59
What are the prime factors of 429?
3, 11, 13
What are the prime factors of 5241?
3, 1747
List the prime factors of 17.
17
What are the prime factors of 3212?
2, 11, 73
List the prime factors of 23311.
23311
What are the prime factors of 27302?
2, 11, 17, 73
What are the prime factors of 24409?
7, 11, 317
What are the prime factors of 24135?
3, 5, 1609
What are the prime factors of 8433?
3, 937
What are the prime factors of 1814?
2, 907
List the prime factors of 2478.
2, 3, 7, 59
List the prime factors of 116970.
2, 3, 5, 7, 557
What are the prime factors of 3611?
23, 157
What are the prime factors of 3540?
2, 3, 5, 59
What are the prime factors of 995?
5, 199
List the prime factors of 1453.
1453
List the prime factors of 4835.
5, 967
What are the prime factors of 631?
631
What are the prime factors of 14938?
2, 7, 11, 97
List the prime factors of 436.
2, 109
What are the prime factors of 18847?
47, 401
List the prime factors of 980.
2, 5, 7
List the prime factors of 74903.
74903
What are the prime factors of 5686?
2, 2843
What are the prime factors of 70891?
70891
List the prime factors of 7188.
2, 3, 599
List the prime factors of 2811.
3, 937
List the prime factors of 1574.
2, 787
List the prime factors of 1675.
5, 67
List the prime factors of 110909.
110909
What are the prime factors of 893?
19, 47
What are the prime factors of 1817?
23, 79
What are the prime factors of 641?
641
What are the prime factors of 879?
3, 293
List the prime factors of 406.
2, 7, 29
List the prime factors of 4506.
2, 3, 751
List the prime factors of 15034.
2, 7517
What are the prime factors of 4537?
13, 349
What are the prime factors of 9800?
2, 5, 7
List the prime factors of 464.
2, 29
What are the prime factors of 9833?
9833
List the prime factors of 120947.
120947
What are the prime factors of 6889?
83
What are the prime factors of 1490?
2, 5, 149
What are the prime factors of 15412?
2, 3853
List the prime factors of 3226.
2, 1613
What are the prime factors of 15827?
7, 17, 19
What are the prime factors of 62786?
2, 31393
List the prime factors of 650.
2, 5, 13
List the prime factors of 2551.
2551
List the prime factors of 28122.
2, 3, 43, 109
List the prime factors of 211.
211
What are the prime factors of 18913?
18913
What are the prime factors of 2303?
7, 47
List the prime factors of 1841.
7, 263
List the prime factors of 5666.
2, 2833
List the prime factors of 2473.
2473
What are the prime factors of 12646?
2, 6323
List the prime factors of 35396.
2, 8849
List the prime factors of 89571.
3, 73, 409
What are the prime factors of 1572?
2, 3, 131
What are the prime factors of 11007?
3, 1223
What are the prime factors of 747?
3, 83
List the prime factors of 54840.
2, 3, 5, 457
What are the prime factors of 16702?
2, 7, 1193
What are the prime factors of 581?
7, 83
List the prime factors of 45258.
2, 3, 19, 397
What are the prime factors of 18419?
113, 163
List the prime factors of 59802.
2, 3, 9967
What are the prime factors of 34183?
34183
List the prime factors of 38651.
38651
List the prime factors of 11111.
41, 271
What are the prime factors of 3099?
3, 1033
List the prime factors of 30569.
7, 11, 397
What are the prime factors of 2530?
2, 5, 11, 23
List the prime factors of 7809.
3, 19, 137
List the prime factors of 41663.
61, 683
What are the prime factors of 65232?
2, 3, 151
What are the prime factors of 63485?
5, 12697
What are the prime factors of 829?
829
What are the prime factors of 6831?
3, 11, 23
What are the prime factors of 3299?
3299
What are the prime factors of 3265?
5, 653
List the prime factors of 41601.
3, 7, 283
What are the prime factors of 3894?
2, 3, 11, 59
List the prime factors of 16470.
2, 3, 5, 61
List the prime factors of 50256.
2, 3, 349
List the prime factors of 636.
2, 3, 53
List the prime factors of 127.
127
List the prime factors of 2136.
2, 3, 89
What are the prime factors of 448?
2, 7
List the prime factors of 1196.
2, 13, 23
What are the prime factors of 57236?
2, 41, 349
List the prime factors of 850.
2, 5, 17
What are the prime factors of 37107?
3, 7, 19, 31
What a